?
-12
Let d = -9 - -7. Let k(t) = 127 + 119 - 2*t - 356 + 111 + t**2. Give k(d).
9
Let l(q) = -10*q**3 - 8*q**2 - 7. Suppose -5*d = 5 + 25. Let j(k) = 2*k**3 + k**2 + 1. Let v(c) = d*j(c) - l(c). Suppose 2*n - 5 = -1. Give v(n).
-7
Suppose -3*j - 25 = -x, 5*x + 4*j - 26 = -34. Let z(a) = a**2 + 2*a + 4. Calculate z(x).
28
Let c = -1020 - -1030. Let z(b) = b**3 - 12*b**2 + 21*b - 4. Calculate z(c).
6
Let g(a) = 8*a + 96. Suppose x + 9 + 7 = -4*d, 27 = -2*x - 3*d. Determine g(x).
0
Let k(f) = -f**2 + 9*f - 7. Let v(o) = 31*o - 35. Let a be v(5). Suppose -14*c = -6 - a. Give k(c).
-7
Suppose s - 6 = -2*d, 2*s = -s - 12. Suppose -d*y + 4 = -y. Let f(r) = -r**2 - 2. Let a be f(y). Let b(v) = 2*v**2 + 3*v - 1. Calculate b(a).
8
Suppose 12 = -2*f - 0. Let h(v) be the second derivative of -v**3/2 - 9*v**2/2 - v + 280. Determine h(f).
9
Let i(j) be the third derivative of j**6/60 - j**5/60 - j**4/6 + 4*j**3/3 - 66*j**2. Let p be i(2). Let h(y) = -y**2 + 10*y + 13. What is h(p)?
-11
Let s(h) = -h**2 - 3*h - 4. Suppose -3*c + 30 = -3*d, -3*d - 5 - 21 = -2*c. Determine s(d).
-22
Let r = 1685 + -1687. Let d(s) = -14*s - 14. Determine d(r).
14
Let y(p) = p. Let o be y(-5). Let d(c) be the second derivative of -c**4/12 - 5*c**3/6 + 5*c**2/2 + 2*c - 21929. Calculate d(o).
5
Let y = 9735 + -9733. Let m(r) = -41*r + 13. Determine m(y).
-69
Let o(b) be the third derivative of -31*b**4/24 + 3*b**3 - 6758*b**2. What is o(2)?
-44
Suppose -2*v + 9 = -z, 5*v + 2*z = 5 + 31. Let p(k) = 2*k**2 - 6*k - 9. What is p(v)?
27
Let s(w) be the third derivative of w**6/120 - w**5/12 + w**4/12 - w**2. Let p(h) = -114*h**3 + 3*h**2 + 3*h + 1. Let n be p(-1). Let v = n + -110. Give s(v).
10
Let l(o) = -o**3 + 7*o**2 - 9*o + 78. Let u = -2213 - -2220. Give l(u).
15
Let k(i) = -i**2 - 16*i - 26. Let f be k(12). Let p = -365 - f. Let g(x) = -x**3 - 4*x**2 - 7*x - 3. Determine g(p).
9
Let d(v) = v**3 - 14*v**2 + 25*v - 8. Suppose 336*b + 2089 - 6121 = 0. What is d(b)?
4
Let t(q) be the first derivative of q**4/4 + 8*q**3/3 - 3*q**2/2 - 8*q - 1926. Calculate t(-8).
16
Let p(c) = -c**2 - 7*c + 4. Let v(a) = 3*a**2 + 19*a - 11. Let q(d) = -8*p(d) - 3*v(d). Let y = 129 + -38. Let f be (-4)/26 + 196/y. What is q(f)?
-5
Let o(i) = -i**3 + 5*i**2 - 4*i - 5. Suppose 0 = 22*q - 20*q - 56. Suppose 20*n - 27*n = -q. Give o(n).
-5
Let d(h) = 40*h + h**2 + 56*h + 42*h - 153*h + 9. What is d(12)?
-27
Let n(u) = 7*u + 1. Let g(z) be the second derivative of z**4/6 + 14*z**3/3 - 31*z**2/2 + 90*z. Let y be g(-15). Determine n(y).
-6
Let a(o) be the first derivative of 1/2*o**2 - 1/4*o**4 + 6*o + 10 + 1/3*o**3. Let j(t) = t - 1. Let m(p) = a(p) + 2*j(p). What is m(3)?
-5
Let g(l) = 2*l**2 + 5*l - 13. Let p(i) = -3*i**2 - 4*i + 12. Let c(n) = 4*g(n) + 3*p(n). Suppose 10 = -2*y + 32*w - 28*w, 2*y - 2*w = 0. Give c(y).
-1
Let h(b) = 2*b**2 - 4*b - 4. Suppose 4*f = 4*i + 8, -3*f + 2*f + 2*i + 4 = 0. Suppose 3*u + 48 + 45 = f. Let x = u + 35. Determine h(x).
12
Let u(d) = -2*d**3 - 11*d**2 - 13*d + 4. Suppose -18*n + 4*n + 14 = 0. Let b(o) = -o**3 - o**2 - o - 1. Let l(t) = n*u(t) - 3*b(t). Give l(9).
-2
Let x(w) = -w**2 - 1. Let b(n) = -n**2 - n + 2. Let l be b(0). Let d(u) = 12*u - 105 - u**3 + 0*u**l + 93 + 10*u**2. Let v be d(11). Give x(v).
-2
Suppose 42*l + 378 = 168*l. Let f(q) = -q + 4. Determine f(l).
1
Let g(n) = 3558 + 21*n - 3558. Calculate g(3).
63
Let u(o) = 10*o - 15. Let w(a) = -20*a + 29. Let b(k) = 11*u(k) + 6*w(k). Calculate b(-6).
69
Let d be (-323)/34*(-32)/76. Let w(b) = -b**3 - 142*b - b**2 + 3*b**2 + b**2 + 148*b - 8. What is w(d)?
0
Let j(s) = s**2 - s - 3. Let z be (-4)/(-14) - (-528)/(-84). Let c(m) = m. Let d(p) = z*c(p) - j(p). Let w(q) = q**2 - 5*q - 6. Let f be w(5). Determine d(f).
-3
Let m(n) be the third derivative of -n**7/1260 + n**5/2 + n**2 + 53*n. Let w(h) be the third derivative of m(h). Determine w(3).
-12
Let f(r) = -r**3 - 2*r**2 - r - 4. Suppose -12997 + 1148 = -41*x. Suppose 286 = j + x. What is f(j)?
8
Let a(y) = y**3 + 3*y**2 + 2*y. Let p be (-1 - -8) + 2*(-4 + 3). Suppose 0 = 4*q + 16, 24 = -h - h - p*q. Determine a(h).
0
Let j(p) = 6*p**2 - 25*p - 18. Let n be j(19). Let l(a) = -1675*a + n*a - 1 + 0. Suppose -g + 1 = -2*g. What is l(g)?
1
Let n(p) = 66 - 14 + 34 + 19 + 11*p. Give n(-9).
6
Let l(d) = -d**2 + d - 1. Let v(m) be the first derivative of 1/2*m**2 - 2*m - 10/3*m**3 + 5. Let c(y) = 2*l(y) - v(y). Determine c(1).
9
Let r(o) be the third derivative of -o**5/15 + 13*o**4/12 - 5*o**3/3 + 1616*o**2. Calculate r(6).
2
Let p(h) = -h**3 + 97 + 1030*h - 17*h**2 - 501*h - 505*h. Give p(-18).
-11
Let m = -518 - -744. Let k(q) = -10*q - 115 - 127 + m + q**2. Give k(11).
-5
Let f(c) = -c - 2. Suppose 27 = -92*w + 95*w + 4*j, 3*w - 4*j = 27. Give f(w).
-11
Suppose 8 + 16 = 6*c. Let k(j) = 3468*j**2 - c*j - j**3 - 2 - 3463*j**2 + 2*j**3. Let s = -15 + 10. Calculate k(s).
18
Let r(b) = 107*b - 17. Let w(l) = -482*l + 69. Let k(j) = 9*r(j) + 2*w(j). Give k(4).
-19
Let z(w) = -7*w + 1. Let f be (-6)/(-8)*(160/6)/5. Suppose -8*m = -4*m + f. What is z(m)?
8
Let b(c) be the second derivative of -c**3/2 + 5*c**2 + c. Let r(p) = -25*p**2 - 3647*p + 430. Let u be r(-146). What is b(u)?
34
Let l(q) = 23*q + 828. Let f(c) = -8*c - 301. Let p(m) = 11*f(m) + 4*l(m). What is p(-6)?
-23
Let j(o) be the second derivative of o**5/20 + o**4/12 - o**3/3 + 2*o**2 - 60*o. Suppose 6 = -g + 1. Let r = g - -2. Determine j(r).
-8
Suppose -39*i - 181 - 74 = -21. Let v(z) = z**3 + 6*z**2 + 7*z + 38. Calculate v(i).
-4
Let x be (1 - 0)/(21/(-9) - -2) + 4. Let a(k) = 5*k - 18. Give a(x).
-13
Let v = -119 + 114. Let r(b) = 9*b**3 + 21*b**2 + 15*b + 4. Let l(y) = 4*y**3 + 10*y**2 + 8*y + 2. Let j(s) = 7*l(s) - 3*r(s). What is j(v)?
-3
Suppose -3*o + r - 32 = -r, -5*r = -5*o - 50. Let j(c) = 2*c**3 + 25*c**2 + 10*c - 35. Determine j(o).
-11
Let b(i) be the second derivative of -i**5/10 + 7*i**4/12 + i**3 - 3*i**2/2 - 2*i - 609. Give b(4).
5
Let f(u) = 292*u**2 - 37*u + 279 - 290 - 289*u**2. What is f(9)?
-101
Let y(d) = d**2 + 5*d + 7. Suppose z = 3*i - 248, 0*i - 2*z = 5*i - 406. Suppose a = 4*c + 22 + 65, -2*c = -5*a + 435. Let j = i - a. Calculate y(j).
7
Let i(h) = -46*h**2 - 6*h + 17*h**2 + 15*h**2 + 12*h + 15*h**2 - 14. What is i(-10)?
26
Let q(y) = -6*y - 2*y + 9 + 9*y. Let t be q(-3). Suppose m - 1 = t. Let a(i) = i**2 - 5*i - 1. What is a(m)?
13
Suppose 5*g + 5*j + 125 = 0, -2*j - j = -5*g - 125. Let x = -21 - g. Let d(n) = -8*n + 19*n - x*n + 1 - 9*n. Determine d(-1).
3
Let j(n) be the first derivative of n**3/3 - n**2/2 - 15*n + 5998. What is j(-8)?
57
Let p = -67 - -137. Let d(u) = p*u**2 - 4 - 65*u**2 + 13*u - u**3 - 17*u. Let j be 2*((-7)/(-2) + -1). Calculate d(j).
-24
Let d(f) = -f**3 + f**2 - f. Let p(a) = -2*a**3 - 2*a**2 + 2. Let b(q) = 3*d(q) - p(q). Determine b(5).
-17
Let y(g) be the first derivative of g**4/4 + 14*g**3/3 + 3*g**2 - 32*g - 1543. Calculate y(-13).
59
Let u(a) = -14*a**3 + 9*a**2 - a - 2. Let b(q) = -9*q**3 + 7*q**2 - 2. Let g(t) = -3*b(t) + 2*u(t). Let i be (6/(-15))/(4/20). What is g(i)?
2
Suppose -2*a - 4*b - 214 = 0, 4*a + 4*b + 412 = -0*a. Let s = a + 99. Let d(v) be the second derivative of -v**3/6 + 2*v**2 - 4*v. Calculate d(s).
4
Let o(d) = 6*d**3 - 3*d**2 + d. Let t = -2162 - -2164. Give o(t).
38
Let k(r) be the third derivative of -340*r**2 + 1/30*r**5 + 0 + 0*r + 1/6*r**3 - 1/4*r**4. Let f be 34/6 + 2/(-3). Determine k(f).
21
Let m(p) be the second derivative of 5*p**3/2 - 43*p**2/2 - 3*p + 1285. Calculate m(3).
2
Let j(y) = -y**2 + 18*y + 124. Let x(b) = -369*b + 4084. Let i be x(11). Determine j(i).
-51
Suppose 4*p = 4*h - h, -5*h = -5*p. Suppose p = -6*f + 5*f + 3*t + 4, f - 4*t = 6. Let j(q) = -q**2 - q - 1. Give j(f).
-3
Let w(g) = -19*g**3 - g**2. Let x(u) = -u**3 - 4*u**3 - 1 + 4*u**3 + u**2. Suppose -2*j - 3*j = 19*j. Let q be x(j). Determine w(q).
18
Let h = -4058 + 4061. Let d(u) = 7*u**2 - 13. Give d(h).
50
Let t be (-1)/(-7) - 3/(21/(-34)). Suppose 3*s - 13 = -m, 0 = t*s - s + 2*m - 18. Let j(l) = -6 + 10*l + s*l - 11*l + 2. What is j(5)?
11
Let p(r) be the third derivative of -2*r**2 + 1/24*r**4 + 0 - 8*r - 2/3*r**3. Give p(-4).
-8
Let p(m) = -22*m**2 + 11*m + 18. Let g(r) = -10*r**2 + 5*r + 8. Let u(o) = -26*g(o) + 12*p(o). What